 464*g + 571. Give v(-1).
-8
Let f(n) = -8*n**2 + 400*n - 366. Give f(49).
26
Let c(m) = -m**3 + 2095*m**2 - 829449*m - 537. What is c(530)?
-7
Let o(u) = -u**3 + 63*u**2 - 126*u + 12035. Determine o(64).
-125
Let s(m) = m**3 + 810*m**2 + 916*m + 86555. Give s(-809).
-8
Let r(h) = 23*h**2 - 9483*h + 46805. Give r(5).
-35
Let b(j) = -7*j**3 + 680*j**2 - 94*j - 213. Calculate b(97).
78
Let r(z) = -4*z**2 - 2959*z + 82733. What is r(27)?
-76
Let p(g) = -117*g**2 + 12654*g - 1933. What is p(108)?
11
Let b(i) = 550330*i - 1100656. Determine b(2).
4
Let p(q) = -2*q**2 - 86*q - 84. Determine p(-1).
0
Let z(w) = 18*w**2 - 490*w - 377. Give z(28).
15
Let a(k) = k**2 + 85*k - 29832. Calculate a(-208).
-4248
Let i(g) = 3324*g - 26688. Give i(8).
-96
Let o(r) = 2*r**3 - 2092*r**2 + 6249*r + 68. Determine o(3).
41
Let t(u) = -8*u**2 - 3835*u + 38665. Give t(10).
-485
Let h(k) = 348*k - 34. Give h(-1).
-382
Let g(m) = m**3 - 572*m**2 + 730*m + 233702. Determine g(570).
2
Let o(b) = -26*b**2 - 25*b + 25. Determine o(2).
-129
Let p(o) = -1291*o - 356297. Give p(-276).
19
Let d(o) = -3*o**2 + 35*o + 383. What is d(-21)?
-1675
Let x(r) = -518*r**2 - 2053*r + 11. Determine x(-4).
-65
Let h(a) = -31*a**3 - 12771*a**2 + 416*a + 1647. What is h(-412)?
-1
Let f(m) = -2*m**3 + 47*m**2 - 3800*m + 102186. Calculate f(26).
6
Let z(i) = -67*i**2 - 1006*i - 50. What is z(-14)?
902
Let j(m) = -12*m**3 - 112*m**2 - 1521*m - 13352. Determine j(-9).
13
Let s(q) = 24*q**2 + 57*q - 18. What is s(5)?
867
Let v(z) = 10*z**3 - 74*z**2 - 156*z - 17. What is v(-2)?
-81
Let t(j) = -173*j - 2330. Calculate t(-15).
265
Let g(n) = -2097978*n + 6293931. What is g(3)?
-3
Let u(m) = -349*m**2 - 976*m - 962. What is u(-1)?
-335
Let z(n) = -n**3 - 15*n**2 + 42*n + 946. Determine z(-13).
62
Let r(l) = 5*l**2 + 113*l - 679. Determine r(5).
11
Let q(d) = 1362*d + 6262. Calculate q(-5).
-548
Let z(u) = -107*u - 18009. Determine z(-169).
74
Let c(t) = -t**3 + 94*t**2 - 416*t - 2116. Determine c(-3).
5
Let w(v) = -8*v**3 + 371*v**2 - 128*v + 110. Calculate w(46).
570
Let p(g) = -16636*g + 2495403. Calculate p(150).
3
Let t(v) = -9*v**2 - 166100*v + 332234. Calculate t(2).
-2
Let o(h) = -106*h**2 + 70704*h - 1327. Give o(667).
7
Let b(g) = -5*g**2 + 628*g + 64530. Give b(-67).
9
Let d(a) = -13793*a + 110349. Calculate d(8).
5
Let s(j) = j**3 - 20*j**2 + 28*j + 573. Calculate s(16).
-3
Let v(u) = -2*u**2 + 617*u + 4268. What is v(-7)?
-149
Let g(w) = 2*w**3 + 42*w**2 - 84*w - 1860. Calculate g(-19).
1180
Let r(z) = 15*z**2 - 2725*z + 24364. What is r(9)?
1054
Let l(i) = 4*i**3 - 296*i**2 - 24. What is l(74)?
-24
Let l(m) = -11943*m + 12204. Give l(1).
261
Let f(v) = 875*v - 2410. Give f(3).
215
Let k(g) = -g**3 + 954*g**2 - 39983*g - 2505. Determine k(44).
3
Let g(m) = -2*m**3 - 790*m**2 - 2075*m + 108581. Determine g(-392).
-3
Let j(y) = -y**3 - 20*y**2 + 14*y - 276. Determine j(-22).
384
Let y(k) = 3*k**3 - 243*k**2 + 3892*k + 123. What is y(59)?
5
Let o(p) = 163*p + 2015. Give o(-7).
874
Let j(l) = l**3 + 276*l**2 - 14440*l - 216. Determine j(45).
9
Let t(m) = -743*m + 22745. Give t(30).
455
Let a(r) = -2*r**3 + 164*r**2 + 129*r - 10570. Determine a(82).
8
Let o(m) = -931*m**3 + m**2 - 155*m + 153. Calculate o(1).
-932
Let z(u) = -3*u**2 - 798*u - 5445. Calculate z(-7).
-6
Let p(a) = -a**3 + 132*a**2 - 1820*a + 3534. What is p(13)?
-15
Let k(w) = 25519*w + 356875. Give k(-14).
-391
Let t(s) = 666*s**2 + 1963*s - 122. Determine t(-3).
-17
Let s(l) = 31300*l - 93901. Give s(3).
-1
Let g(r) = -7*r**3 + 5*r**2 + 36*r - 217. What is g(5)?
-787
Let b(n) = 458*n**3 + 612*n + 613. Calculate b(-1).
-457
Let u(i) = -i**3 + 710*i**2 + 17397*i + 160743. Give u(734).
-3
Let c(j) = -40769*j - 9. Calculate c(0).
-9
Let i(v) = 3*v**3 - 6*v**2 + 2994*v - 9000. What is i(3)?
9
Let p(u) = -u**3 - 706*u**2 + 12467*u + 127271. What is p(-723)?
23
Let b(z) = -455623*z - 2278110. Give b(-5).
5
Let i(s) = 20335*s + 1545461. Calculate i(-76).
1
Let z(x) = -2*x**3 + 87*x**2 - 63*x - 221. What is z(43)?
-1081
Let b(o) = -263*o + 58336. Determine b(222).
-50
Let n(p) = p**2 + 24145*p + 603005. Determine n(-25).
5
Let a(t) = 1242094*t + 8694658. Determine a(-7).
0
Let j(g) = -g**3 - 19*g**2 + 40*g + 302. Give j(-19).
-458
Let m(p) = 64*p**2 + 72*p - 208. Determine m(-3).
152
Let o(f) = f**3 + 9*f**2 - 349*f - 2756. Give o(-8).
100
Let r(q) = -3*q**3 + 8*q**2 + 65*q - 540. Calculate r(6).
-510
Let m(t) = -t**3 + 275*t**2 + 37*t - 10124. What is m(275)?
51
Let y(z) = -23960*z + 24017. Calculate y(1).
57
Let t(u) = -u**2 + 61*u - 1037. What is t(22)?
-179
Let m(p) = -p**2 - 1708*p - 30446. What is m(-18)?
-26
Let m(d) = 2*d**3 - 88*d**2 + 73*d - 1446. Determine m(45).
5889
Let w(a) = -a**3 - 4*a**2 - 18*a - 1365. Give w(-12).
3
Let g(t) = t**3 + 268*t**2 + 14811*t - 696. Determine g(-78).
6
Let u(x) = -285*x**2 - 10816*x + 687. Determine u(-38).
155
Let j(c) = -2*c**3 + 87*c**2 - 23*c + 2821. Determine j(44).
-127
Let p(x) = -263*x**2 + 423*x + 1155. Determine p(3).
57
Let f(u) = -u**2 + 36*u + 8435. Give f(-72).
659
Let p(m) = m**3 - 188*m**2 + 1950*m + 416. Calculate p(177).
947
Let y(w) = -2*w**3 - 3752*w**2 - 70577*w - 20427. What is y(-1857)?
0
Let p(b) = -222*b**2 + 1155*b - 2305. Determine p(2).
-883
Let l(x) = -13*x**2 + 379*x - 170. What is l(26)?
896
Let u(z) = -4*z**3 - 597*z**2 + 396*z - 8096. What is u(-150)?
4
Let i(g) = -4454*g - 253876. Give i(-57).
2
Let p(u) = -175*u + 224. Calculate p(3).
-301
Let z(h) = -290*h**2 + 119478*h + 915. Give z(412).
91
Let d(f) = -f**3 + 467*f**2 - 1380*f - 18. Calculate d(3).
18
Let m(s) = 664*s + 49642. Calculate m(-76).
-822
Let a(o) = -21*o**2 + 412*o - 8. What is a(20)?
-168
Let a(c) = -1228*c + 26983. Give a(22).
-33
Let k(g) = 21471*g - 322757. Give k(15).
-692
Let a(t) = 48299*t**2 - 289778*t - 82. Give a(6).
14
Let l(p) = -15209*p - 1399207. Determine l(-92).
21
Let g(n) = 760268*n + 3040970. Determine g(-4).
-102
Let t(r) = 139*r**2 + 1226*r - 207. What is t(-9)?
18
Let u(w) = -218*w + 3057. What is u(14)?
5
Let s(m) = -m**2 - 9*m - 954. Determine s(-23).
-1276
Let p(m) = -m**2 + 7600*m + 83841. Calculate p(-11).
120
Let r(f) = 7*f**2 + 67*f - 438. Calculate r(7).
374
Let n(m) = -m**3 - 88*m**2 + 98*m + 437. Calculate n(-89).
-364
Let i(a) = -2155*a - 8266. Determine i(-4).
354
Let c(g) = 16*g**2 + 16*g - 145. Give c(-6).
335
Let g(w) = w**3 - w**2 - 996*w + 4867. Give g(5).
-13
Let g(z) = -z**2 - 10837*z + 43377. Determine g(4).
13
Let a(q) = 4390*q - 21920. What is a(5)?
30
Let k(g) = -3*g**3 + 44*g**2 + 390*g + 660. What is k(-4)?
-4
Let p(t) = 78*t**3 - 5224*t**2 - 131*t - 175. What is p(67)?
26
Let q(z) = 1304*z + 442932. What is q(-340)?
-428
Let m(t) = 7545*t - 15193. Determine m(2).
-103
Let g(y) = -886*y**2 + 79*y + 2. Calculate g(-1).
-963
Let y(m) = 3327*m - 495740. Determine y(149).
-17
Let c(q) = 7508*q - 2485149. Calculate c(331).
-1
Let h(n) = 169*n**3 + 16*n**2 - 8*n + 13. Determine h(0).
13
Let r(k) = 9855*k - 1015013. Determine r(103).
52
Let t(a) = -7659*a - 30751. Calculate t(-4).
-115
Let s(j) = 3829*j - 735155. What is s(192)?
13
Let n(j) = 6734*j + 26617. Calculate n(-4).
-319
Let i(s) = 363*s - 3431. Determine i(8).
-527
Let m(o) = o**3 - 156*o**2 + 4232*o + 134. What is m(35)?
29
Let c(o) = -2*o**3 + 114*o**2 + 3*o - 6552. Determine c(56).
-112
Let m(q) = 2*q**2 - 192*q + 1076. Determine m(6).
-4
Let l(r) = -2*r**2 - 260*r - 5764. Calculate l(-21).
-1186
Let f(r) = -11*r**3 + 111*r**2 - 33*r + 251. Calculate f(10).
21
Let p(h) = -84*h**2 - 2382*h - 3098. Calculate p(-27).
-20
Let w(z) = -10*z**2 + 231*z + 220. Determine w(23).
243
Let p(x) = 15836*x - 29. Give p(0).
-29
Let c(n) = 4*n**3 + 5*n**2 - 321*n + 1285. Determine c(4).
337
Let m(g) = -518*g + 188174. Calculate m(363).
140
Let f(a) = 113*a + 7254. What is f(-64)?
22
Let p(v) = -2*v**3 - 508*v**2 - 468*v + 9570. Calculate p(-253).
-44
Let k(d) = 52*d**2 + 292*d + 222. Determine k(-5).
62
Let i(d) = 4*d**3 + 610*d**2 + 223*d - 12312. Determine i(-152).
0
Let l(t) = -3910*t + 20261. Give l(5).
711
Let g(u) = 2*u**3 + 158*u**2 - 674*u - 753. Give g(-83).
77
Let h(b) = -2979*b - 53629. Determine h(-18).
-7
Let p(m) = -m**3 - 51*m**2 - 267*m + 3309. Give p(-43).
-2
Let q(p) = 3318*p + 1495